s the greatest common factor of 12632132 and 4?
4
What is the highest common factor of 213 and 42724321?
71
What is the greatest common factor of 785052 and 21870?
162
Calculate the greatest common factor of 49765944 and 663396.
11244
Calculate the greatest common factor of 405 and 11063760.
15
What is the highest common divisor of 693 and 2035789371?
693
Calculate the greatest common divisor of 3088 and 365735386.
386
Calculate the highest common factor of 178380337 and 289.
289
What is the highest common factor of 2482224 and 44?
4
Calculate the highest common divisor of 36549 and 364746.
93
What is the greatest common factor of 336 and 2548566384?
336
Calculate the highest common factor of 451 and 7996763.
41
Calculate the highest common divisor of 17000 and 34771375.
2125
Calculate the greatest common factor of 5408565 and 920.
115
Calculate the greatest common divisor of 120 and 10038375.
15
What is the greatest common factor of 213350 and 9775?
425
What is the greatest common divisor of 7863043 and 20283?
6761
What is the highest common divisor of 2750 and 306340375?
1375
What is the greatest common factor of 139763 and 19097?
169
Calculate the greatest common divisor of 27 and 337064184.
9
Calculate the highest common factor of 315614258 and 159.
53
What is the greatest common factor of 35994 and 467208?
42
Calculate the greatest common divisor of 4046080 and 145.
145
What is the greatest common divisor of 7729262 and 786?
262
Calculate the greatest common divisor of 45976812 and 102837.
1239
Calculate the greatest common factor of 1045178 and 2351890.
958
What is the highest common factor of 94576 and 157541?
257
Calculate the greatest common divisor of 1834 and 88417271.
131
What is the highest common divisor of 457445 and 255940?
955
What is the greatest common divisor of 9737516 and 2154?
718
What is the highest common divisor of 9555694 and 1554?
74
What is the greatest common divisor of 2236784 and 3401?
179
Calculate the greatest common factor of 4007590114 and 8273.
8273
What is the greatest common factor of 4177856 and 64?
64
Calculate the highest common factor of 5054612 and 620.
124
Calculate the greatest common divisor of 454528 and 57028.
212
Calculate the highest common factor of 49878554 and 13134.
4378
Calculate the highest common divisor of 264 and 89393898.
66
What is the highest common factor of 464 and 442331896?
232
Calculate the highest common factor of 240253330 and 4.
2
Calculate the greatest common divisor of 14 and 4592952.
14
Calculate the greatest common factor of 200 and 5193920.
40
What is the greatest common factor of 200 and 2124100?
100
What is the highest common divisor of 304653 and 125079?
519
What is the highest common factor of 3290 and 866630?
10
What is the greatest common factor of 149384 and 333484?
1052
Calculate the greatest common factor of 5269015 and 67799.
449
Calculate the greatest common divisor of 1650213 and 12393.
243
What is the greatest common factor of 35490 and 21450?
390
What is the greatest common divisor of 912 and 23314539?
57
What is the highest common divisor of 104996 and 64?
4
What is the greatest common divisor of 11575 and 90300?
25
Calculate the greatest common factor of 19120 and 20080.
80
What is the greatest common factor of 3432 and 4343768?
1144
Calculate the highest common factor of 218378178 and 18.
18
Calculate the highest common divisor of 403254 and 97474932.
9378
Calculate the greatest common factor of 4325180 and 60.
20
Calculate the greatest common factor of 7233083 and 1963.
13
Calculate the highest common divisor of 6723 and 21964203.
81
Calculate the highest common divisor of 69338830 and 110.
110
What is the greatest common divisor of 531456 and 20587?
173
Calculate the highest common factor of 16240 and 134215760.
560
Calculate the greatest common factor of 1768805 and 24940.
215
What is the greatest common divisor of 41106 and 678606?
102
What is the highest common divisor of 32031927 and 27?
9
Calculate the highest common factor of 3212 and 16350686.
1606
What is the highest common divisor of 158301 and 1079507?
143
Calculate the greatest common divisor of 74 and 6962993.
37
Calculate the greatest common factor of 168 and 1766866836.
84
What is the highest common factor of 181376 and 91?
13
Calculate the greatest common divisor of 27 and 1573954443.
27
What is the highest common factor of 1422971 and 110?
11
What is the greatest common factor of 1286987 and 104?
13
Calculate the highest common divisor of 45938943 and 9.
9
What is the highest common factor of 7496985 and 3390?
1695
What is the highest common factor of 133574136 and 1017?
339
Calculate the greatest common divisor of 2610 and 1144166.
58
Calculate the greatest common factor of 3526760931 and 6549.
6549
What is the highest common factor of 136 and 450656978?
34
What is the greatest common divisor of 2236 and 35407619?
559
Calculate the greatest common factor of 102608 and 5650436.
2332
Calculate the greatest common divisor of 5843530 and 455.
35
What is the greatest common divisor of 175525673 and 23?
23
Calculate the greatest common factor of 3726 and 356880006.
3726
What is the greatest common divisor of 26641937 and 49?
49
Calculate the highest common factor of 9462 and 130059921.
4731
Calculate the greatest common divisor of 4575 and 237275.
25
What is the highest common factor of 640211444 and 148?
148
Calculate the greatest common divisor of 2468448 and 35424.
864
What is the highest common divisor of 15142220 and 100?
20
What is the greatest common factor of 17612 and 33974500?
476
What is the highest common divisor of 32283 and 1835067?
633
Calculate the greatest common divisor of 137961960 and 4848.
2424
Calculate the highest common divisor of 2250767 and 779994.
2549
Calculate the highest common factor of 1731 and 80262431.
577
What is the highest common divisor of 955332 and 1260?
252
What is the highest common divisor of 258232 and 976774?
382
What is the highest common divisor of 176829449 and 458?
229
What is the highest common factor of 422760924 and 216?
108
Calculate the highest common divisor of 5340 and 278940.
60
What is the greatest common divisor of 36 and 21565134?
18
Calculate the highest common divisor of 13453068 and 90060.
948
Calculate the greatest common factor of 9131 and 55.
1
Calculate the greatest common factor of 21712488 and 3182.
74
Calculate the highest common divisor of 1284 and 11401813.
107
Calculate the greatest common factor of 55701919 and 28.
7
What is the greatest common factor of 30 and 8479335?
15
What is the greatest common factor of 4598 and 907994648?
4598
Calculate the greatest common divisor of 2244 and 357857412.
2244
What is the greatest common factor of 2373343 and 301?
7
What is the highest common factor of 88806564 and 812?
28
What is the highest common factor of 227144096 and 48?
16
Calculate the highest common factor of 1178 and 423263.
19
What is the greatest common factor of 55447319 and 50439?
391
What is the highest common factor of 345648952 and 33?
11
What is the greatest common factor of 1802 and 8206414?
106
Calculate the highest common factor of 4230 and 1338184.
94
What is the highest common factor of 165 and 252833955?
165
What is the greatest common factor of 2933 and 449813?
7
What is the highest common factor of 71982 and 7483617?
837
Calculate the greatest common factor of 620 and 1281045860.
620
Calculate the greatest common divisor of 2140820 and 1073.
37
Calculate the greatest common factor of 14175032 and 32.
8
What is the highest common factor of 217850115 and 840?
105
What is the greatest common factor of 957 and 3613980?
87
Calculate the highest common factor of 347826 and 3480.
174
What is the greatest common divisor of 55920403 and 13871?
1067
What is the greatest common factor of 36383749 and 2061?
229
What is the highest common divisor of 285 and 3549295?
95
Calculate the greatest common factor of 302144427 and 474.
237
Calculate the greatest common factor of 23623001 and 46.
23
Calculate the highest common factor of 899954 and 297.
11
What is the greatest common factor of 7 and 26941859?
7
What is the greatest common divisor of 523754 and 411939?
209
What is the greatest common divisor of 78654 and